{"id":271,"date":"2023-11-03T16:50:15","date_gmt":"2023-11-03T13:50:15","guid":{"rendered":"https:\/\/www.guzeldagtekstil.com.tr\/en\/?page_id=271"},"modified":"2023-11-15T02:06:24","modified_gmt":"2023-11-14T23:06:24","slug":"references","status":"publish","type":"page","link":"https:\/\/www.guzeldagtekstil.com.tr\/en\/references","title":{"rendered":"References"},"content":{"rendered":"\n<figure class=\"wp-block-gallery has-nested-images columns-default is-cropped wp-block-gallery-1 is-layout-flex wp-block-gallery-is-layout-flex\">\n<figure class=\"wp-block-image size-large\"><img loading=\"lazy\" decoding=\"async\" width=\"440\" height=\"280\" data-id=\"272\" src=\"https:\/\/www.guzeldagtekstil.com.tr\/en\/wp-content\/uploads\/ref-ahenk-giyim.jpg\" alt=\"\" class=\"wp-image-272\" srcset=\"https:\/\/www.guzeldagtekstil.com.tr\/en\/wp-content\/uploads\/ref-ahenk-giyim.jpg 440w, https:\/\/www.guzeldagtekstil.com.tr\/en\/wp-content\/uploads\/ref-ahenk-giyim-300x191.jpg 300w\" sizes=\"(max-width: 440px) 100vw, 440px\" \/><figcaption class=\"wp-element-caption\">Ahenk Giyim<\/figcaption><\/figure>\n\n\n\n<figure class=\"wp-block-image size-large\"><img loading=\"lazy\" decoding=\"async\" width=\"440\" height=\"280\" data-id=\"273\" src=\"https:\/\/www.guzeldagtekstil.com.tr\/en\/wp-content\/uploads\/ref-besme-giyim.jpg\" alt=\"\" class=\"wp-image-273\" srcset=\"https:\/\/www.guzeldagtekstil.com.tr\/en\/wp-content\/uploads\/ref-besme-giyim.jpg 440w, https:\/\/www.guzeldagtekstil.com.tr\/en\/wp-content\/uploads\/ref-besme-giyim-300x191.jpg 300w\" sizes=\"(max-width: 440px) 100vw, 440px\" \/><figcaption class=\"wp-element-caption\">Besme Giyim<\/figcaption><\/figure>\n\n\n\n<figure class=\"wp-block-image size-large\"><img loading=\"lazy\" decoding=\"async\" width=\"440\" height=\"280\" data-id=\"274\" src=\"https:\/\/www.guzeldagtekstil.com.tr\/en\/wp-content\/uploads\/ref-canturk-giyim.jpg\" alt=\"\" class=\"wp-image-274\" srcset=\"https:\/\/www.guzeldagtekstil.com.tr\/en\/wp-content\/uploads\/ref-canturk-giyim.jpg 440w, https:\/\/www.guzeldagtekstil.com.tr\/en\/wp-content\/uploads\/ref-canturk-giyim-300x191.jpg 300w\" sizes=\"(max-width: 440px) 100vw, 440px\" \/><figcaption class=\"wp-element-caption\">Cant\u00fcrk Giyim<\/figcaption><\/figure>\n\n\n\n<figure class=\"wp-block-image size-large\"><img loading=\"lazy\" decoding=\"async\" width=\"440\" height=\"280\" data-id=\"275\" src=\"https:\/\/www.guzeldagtekstil.com.tr\/en\/wp-content\/uploads\/ref-hane-kumascilik.jpg\" alt=\"\" class=\"wp-image-275\" srcset=\"https:\/\/www.guzeldagtekstil.com.tr\/en\/wp-content\/uploads\/ref-hane-kumascilik.jpg 440w, https:\/\/www.guzeldagtekstil.com.tr\/en\/wp-content\/uploads\/ref-hane-kumascilik-300x191.jpg 300w\" sizes=\"(max-width: 440px) 100vw, 440px\" \/><figcaption class=\"wp-element-caption\">Hane Kuma\u015f\u00e7\u0131l\u0131k<\/figcaption><\/figure>\n\n\n\n<figure class=\"wp-block-image size-large\"><img loading=\"lazy\" decoding=\"async\" width=\"440\" height=\"280\" data-id=\"276\" src=\"https:\/\/www.guzeldagtekstil.com.tr\/en\/wp-content\/uploads\/ref-modanisa.jpg\" alt=\"\" class=\"wp-image-276\" srcset=\"https:\/\/www.guzeldagtekstil.com.tr\/en\/wp-content\/uploads\/ref-modanisa.jpg 440w, https:\/\/www.guzeldagtekstil.com.tr\/en\/wp-content\/uploads\/ref-modanisa-300x191.jpg 300w\" sizes=\"(max-width: 440px) 100vw, 440px\" \/><figcaption class=\"wp-element-caption\">Modanisa<\/figcaption><\/figure>\n\n\n\n<figure class=\"wp-block-image size-large\"><img loading=\"lazy\" decoding=\"async\" width=\"440\" height=\"280\" data-id=\"277\" src=\"https:\/\/www.guzeldagtekstil.com.tr\/en\/wp-content\/uploads\/ref-sefamerve.jpg\" alt=\"\" class=\"wp-image-277\" srcset=\"https:\/\/www.guzeldagtekstil.com.tr\/en\/wp-content\/uploads\/ref-sefamerve.jpg 440w, https:\/\/www.guzeldagtekstil.com.tr\/en\/wp-content\/uploads\/ref-sefamerve-300x191.jpg 300w\" sizes=\"(max-width: 440px) 100vw, 440px\" \/><figcaption class=\"wp-element-caption\">Sefamerve<\/figcaption><\/figure>\n<\/figure>\n","protected":false},"excerpt":{"rendered":"","protected":false},"author":2,"featured_media":0,"parent":0,"menu_order":0,"comment_status":"closed","ping_status":"closed","template":"pages\/page-references.php","meta":{"footnotes":""},"_links":{"self":[{"href":"https:\/\/www.guzeldagtekstil.com.tr\/en\/wp-json\/wp\/v2\/pages\/271"}],"collection":[{"href":"https:\/\/www.guzeldagtekstil.com.tr\/en\/wp-json\/wp\/v2\/pages"}],"about":[{"href":"https:\/\/www.guzeldagtekstil.com.tr\/en\/wp-json\/wp\/v2\/types\/page"}],"author":[{"embeddable":true,"href":"https:\/\/www.guzeldagtekstil.com.tr\/en\/wp-json\/wp\/v2\/users\/2"}],"replies":[{"embeddable":true,"href":"https:\/\/www.guzeldagtekstil.com.tr\/en\/wp-json\/wp\/v2\/comments?post=271"}],"version-history":[{"count":2,"href":"https:\/\/www.guzeldagtekstil.com.tr\/en\/wp-json\/wp\/v2\/pages\/271\/revisions"}],"predecessor-version":[{"id":526,"href":"https:\/\/www.guzeldagtekstil.com.tr\/en\/wp-json\/wp\/v2\/pages\/271\/revisions\/526"}],"wp:attachment":[{"href":"https:\/\/www.guzeldagtekstil.com.tr\/en\/wp-json\/wp\/v2\/media?parent=271"}],"curies":[{"name":"wp","href":"https:\/\/api.w.org\/{rel}","templated":true}]}}

<figure class="wp-block-gallery has-nested-images columns-default is-cropped wp-block-gallery-1 is-layout-flex wp-block-gallery-is-layout-flex">
<figure class="wp-block-image size-large"><img loading="lazy" decoding="async" width="440" height="280" data-id="272" src="https://www.guzeldagtekstil.com.tr/en/wp-content/uploads/ref-ahenk-giyim.jpg" alt="" class="wp-image-272" srcset="https://www.guzeldagtekstil.com.tr/en/wp-content/uploads/ref-ahenk-giyim.jpg 440w, https://www.guzeldagtekstil.com.tr/en/wp-content/uploads/ref-ahenk-giyim-300x191.jpg 300w" sizes="(max-width: 440px) 100vw, 440px" /><figcaption class="wp-element-caption">Ahenk Giyim</figcaption></figure>



<figure class="wp-block-image size-large"><img loading="lazy" decoding="async" width="440" height="280" data-id="273" src="https://www.guzeldagtekstil.com.tr/en/wp-content/uploads/ref-besme-giyim.jpg" alt="" class="wp-image-273" srcset="https://www.guzeldagtekstil.com.tr/en/wp-content/uploads/ref-besme-giyim.jpg 440w, https://www.guzeldagtekstil.com.tr/en/wp-content/uploads/ref-besme-giyim-300x191.jpg 300w" sizes="(max-width: 440px) 100vw, 440px" /><figcaption class="wp-element-caption">Besme Giyim</figcaption></figure>



<figure class="wp-block-image size-large"><img loading="lazy" decoding="async" width="440" height="280" data-id="274" src="https://www.guzeldagtekstil.com.tr/en/wp-content/uploads/ref-canturk-giyim.jpg" alt="" class="wp-image-274" srcset="https://www.guzeldagtekstil.com.tr/en/wp-content/uploads/ref-canturk-giyim.jpg 440w, https://www.guzeldagtekstil.com.tr/en/wp-content/uploads/ref-canturk-giyim-300x191.jpg 300w" sizes="(max-width: 440px) 100vw, 440px" /><figcaption class="wp-element-caption">Cantürk Giyim</figcaption></figure>



<figure class="wp-block-image size-large"><img loading="lazy" decoding="async" width="440" height="280" data-id="275" src="https://www.guzeldagtekstil.com.tr/en/wp-content/uploads/ref-hane-kumascilik.jpg" alt="" class="wp-image-275" srcset="https://www.guzeldagtekstil.com.tr/en/wp-content/uploads/ref-hane-kumascilik.jpg 440w, https://www.guzeldagtekstil.com.tr/en/wp-content/uploads/ref-hane-kumascilik-300x191.jpg 300w" sizes="(max-width: 440px) 100vw, 440px" /><figcaption class="wp-element-caption">Hane Kumaşçılık</figcaption></figure>



<figure class="wp-block-image size-large"><img loading="lazy" decoding="async" width="440" height="280" data-id="276" src="https://www.guzeldagtekstil.com.tr/en/wp-content/uploads/ref-modanisa.jpg" alt="" class="wp-image-276" srcset="https://www.guzeldagtekstil.com.tr/en/wp-content/uploads/ref-modanisa.jpg 440w, https://www.guzeldagtekstil.com.tr/en/wp-content/uploads/ref-modanisa-300x191.jpg 300w" sizes="(max-width: 440px) 100vw, 440px" /><figcaption class="wp-element-caption">Modanisa</figcaption></figure>



<figure class="wp-block-image size-large"><img loading="lazy" decoding="async" width="440" height="280" data-id="277" src="https://www.guzeldagtekstil.com.tr/en/wp-content/uploads/ref-sefamerve.jpg" alt="" class="wp-image-277" srcset="https://www.guzeldagtekstil.com.tr/en/wp-content/uploads/ref-sefamerve.jpg 440w, https://www.guzeldagtekstil.com.tr/en/wp-content/uploads/ref-sefamerve-300x191.jpg 300w" sizes="(max-width: 440px) 100vw, 440px" /><figcaption class="wp-element-caption">Sefamerve</figcaption></figure>
</figure>
